ase 9
170
What is 9 (base 14) in base 10?
9
What is 1 (base 3) in base 16?
1
What is -11011 (base 3) in base 10?
-112
222 (base 9) to base 11
156
What is 1221 (base 3) in base 4?
310
What is 1 (base 16) in base 15?
1
Convert 255 (base 8) to base 15.
b8
Convert 1 (base 14) to base 15.
1
7 (base 14) to base 5
12
Convert 3 (base 5) to base 9.
3
Convert -12a (base 13) to base 15.
-da
What is -72 (base 16) in base 13?
-8a
What is 120 (base 4) in base 7?
33
Convert 9 (base 11) to base 2.
1001
What is -2 (base 15) in base 4?
-2
Convert 333 (base 4) to base 6.
143
Convert 5 (base 6) to base 11.
5
What is -43 (base 16) in base 7?
-124
Convert 111 (base 4) to base 10.
21
Convert 2 (base 10) to base 14.
2
3 (base 15) to base 11
3
-5 (base 7) to base 6
-5
What is 130 (base 5) in base 13?
31
-101110 (base 2) to base 3
-1201
34 (base 6) to base 4
112
What is -1 (base 15) in base 7?
-1
What is -be (base 16) in base 12?
-13a
-97 (base 11) to base 6
-254
Convert 0 (base 2) to base 8.
0
Convert -3 (base 12) to base 4.
-3
Convert -1 (base 16) to base 4.
-1
Convert 19 (base 10) to base 7.
25
231 (base 5) to base 13
51
-1 (base 8) to base 2
-1
What is -12 (base 3) in base 8?
-5
22 (base 3) to base 16
8
Convert -a8 (base 14) to base 13.
-b5
Convert -1 (base 6) to base 16.
-1
What is 0 (base 12) in base 6?
0
What is -3 (base 8) in base 11?
-3
What is -2 (base 5) in base 6?
-2
Convert 202 (base 6) to base 5.
244
-7 (base 10) to base 7
-10
2 (base 14) to base 5
2
0 (base 3) to base 15
0
What is 0 (base 12) in base 6?
0
Convert 47 (base 14) to base 11.
58
-247 (base 12) to base 4
-11113
3 (base 6) to base 8
3
Convert 66 (base 13) to base 12.
70
Convert 6 (base 12) to base 2.
110
What is 0 (base 12) in base 6?
0
10 (base 9) to base 6
13
Convert -1 (base 9) to base 13.
-1
Convert 2 (base 8) to base 4.
2
What is 121 (base 6) in base 3?
1211
-1 (base 10) to base 15
-1
Convert 3 (base 16) to base 2.
11
Convert -76 (base 9) to base 6.
-153
What is -3 (base 13) in base 3?
-10
Convert -7 (base 15) to base 10.
-7
33 (base 9) to base 10
30
7 (base 12) to base 13
7
What is -7c (base 16) in base 11?
-103
Convert -f9 (base 16) to base 8.
-371
Convert 22 (base 8) to base 6.
30
What is 11 (base 16) in base 15?
12
What is -141 (base 8) in base 12?
-81
What is -6 (base 9) in base 4?
-12
-20 (base 13) to base 8
-32
What is 18 (base 12) in base 8?
24
5 (base 12) to base 13
5
Convert 52 (base 13) to base 15.
47
Convert 221 (base 5) to base 11.
56
3 (base 14) to base 3
10
Convert 17 (base 12) to base 9.
21
What is -3 (base 14) in base 7?
-3
ea (base 15) to base 13
13c
Convert -8c (base 13) to base 16.
-74
What is -2 (base 13) in base 5?
-2
Convert 1c (base 14) to base 13.
20
60 (base 9) to base 5
204
Convert -2 (base 7) to base 2.
-10
-19 (base 16) to base 15
-1a
310 (base 8) to base 3
21102
Convert -120 (base 4) to base 3.
-220
What is 15 (base 6) in base 13?
b
Convert 20 (base 3) to base 16.
6
Convert -5 (base 13) to base 5.
-10
5 (base 14) to base 3
12
Convert -20122 (base 3) to base 14.
-cb
Convert 1 (base 12) to base 9.
1
Convert -22 (base 11) to base 14.
-1a
What is 39 (base 12) in base 13?
36
What is -10 (base 8) in base 9?
-8
What is 102 (base 6) in base 3?
1102
Convert -266 (base 7) to base 16.
-92
What is 90 (base 12) in base 16?
6c
Convert -27 (base 14) to base 12.
-2b
26 (base 7) to base 12
18
What is -101 (base 4) in base 6?
-25
What is 1 (base 2) in base 13?
1
Convert -8 (base 14) to base 5.
-13
Convert 7 (base 15) to base 5.
12
-1111111 (base 2) to base 12
-a7
Convert -71 (base 8) to base 13.
-45
What is 2c (base 14) in base 4?
220
Convert -4 (base 16) to base 3.
-11
Convert 2 (base 6) to base 16.
2
What is 30 (base 5) in base 3?
120
41 (base 5) to base 12
19
What is 105 (base 6) in base 13?
32
Convert 10 (base 2) to base 4.
2
Convert 346 (base 9) to base 5.
2120
Convert -5 (base 11) to base 16.
-5
Convert -1 (base 3) to base 15.
-1
Convert 10 (base 15) to base 4.
33
What is -2d (base 14) in base 4?
-221
8 (base 11) to base 3
22
What is -1a (base 11) in base 12?
-19
Convert 43 (base 7) to base 13.
25
What is 27 (base 8) in base 3?
212
0 (base 7) to base 13
0
2 (base 6) to base 13
2
What is 3 (base 6) in base 5?
3
-11000 (base 2) to base 14
-1a
What is -1 (base 11) in base 13?
-1
What is -1 (base 2) in base 6?
-1
What is 46 (base 8) in base 10?
38
-1d (base 16) to base 3
-1002
Convert -2 (base 13) to base 15.
-2
-20110 (base 3) to base 16
-ae
What is -1 (base 8) in base 5?
-1
What is 134 (base 9) in base 6?
304
-4 (base 10) to base 9
-4
-1001 (base 3) to base 13
-22
10110101 (base 2) to base 3
20201
Convert -7 (base 10) to base 7.
-10
-8c (base 15) to base 2
-10000100
Convert -100000 (base 2) to base 3.
-1012
-26 (base 7) to base 10
-20
33 (base 4) to base 12
13
Convert 18b (base 13) to base 7.
554
Convert 0 (base 10) to base 5.
0
Convert -91 (base 14) to base 11.
-106
0 (base 8) to base 16
0
Convert 52 (base 7) to base 15.
27
Convert 4 (base 8) to base 16.
4
What is -62 (base 11) in base 6?
-152
-3 (base 14) to base 12
-3
What is -15 (base 12) in base 7?
-23
Convert 170 (base 10) to base 8.
252
Convert -7 (base 11) to base 8.
-7
What is 12 (base 4) in base 13?
6
What is 3 (base 15) in base 4?
3
101 (base 3) to base 7
13
Convert -2 (base 6) to base 15.
-2
What is -1 (base 2) in base 10?
-1
Convert 4 (base 8) to base 9.
4
What is -36 (base 13) in base 5?
-140
Convert 11000 (base 2) to base 3.
220
What is 13 (base 5) in base 11?
8
Convert 3 (base 5) to base 13.
3
What is -100 (base 3) in base 6?
-13
What is -121 (base 7) in base 2?
-1000000
What is 11 (base 2) in base 14?
3
Convert -2 (base 15) to base 9.
-2
What is 110111 (base 2) in base 3?
2001
-22 (base 6) to base 9
-15
Convert 7 (base 8) to base 7.
10
-8 (base 16) to base 4
-20
What is -7 (base 9) in base 12?
-7
Convert 222 (base 3) to base 16.
1a
-11 (base 3) to base 15
-4
What is 4 (base 9) in base 5?
4
2 (base 10) to base 7
2
Convert 15 (base 15) to base 16.
14
-14 (base 9) to base 15
-d
-1 (base 4) to base 6
-1
21 (base 3) to base 15
7
120 (base 11) to base 3
12022
10 (base 10) to base 6
14
0 (base 13) to base 12
0
What is -33 (base 14) in base 8?
-55
What is -2 (base 7) in base 2?
-10
What is -79 (base 11) in base 5?
-321
-44 (base 6) to base 16
-1c
What is 0 (base 3) in base 13?
0
What is 260 (base 7) in base 5?
1030
What is 169 (base 11) in base 15?
d1
3 (base 15) to base 4
3
What is 12 (base 11) in base 5?
23
1 (base 13) to base 15
1
100 (base 2) to base 4
10
What is 111 (base 7) in base 3?
2010
Convert 1213 (base 5) to base 12.
133
Convert -d (base 14) to base 7.
-16
Convert a2 (base 11) to base 12.
94
15 (base 11) to base 14
12
Convert 1021 (base 5) to base 6.
344
What is -43 (base 13) in base 16?
-37
What is 8e (base 16) in base 11?
11a
What is -ee (base 15) in base 9?
-268
19 (base 16) to base 14
1b
4 (base 8) to base 5
4
What is 0 (base 3) in base 9?
0
What is -242 (base 6) in base 10?
-98
-168 (base 10) to base 2
-10101000
What is -40 (base 10) in base 11?
-37
What is -101 (base 2) in base 13?
-5
What is 101111 (base 2) in base 14?
35
Convert -200 (base 7) to base 16.
-62
What is 6 (base 8) in base 10?
6
Convert -13 (base 5) to base 12.
-8
What is -1110 (base 4) in base 12?
-70
Convert 275 (base 9) to base 12.
172
What is -1 (base 2) in base 3?
-1
What is 13 (base 4) in base 13?
7
-11 (base 2) to base 15
-3
Convert -100 (base 7) to base 5.
-144
What is -2 (base 8) in base 3?
-2
Convert 1001 (base 3) to base 6.
44
56 (base 13) to base 15
4b
Convert -11 (base 2) to base 5.
-3
Convert 20 (base 11) to base 6.
34
What is -81 (base 14) in base 5?
-423
47 (base 15) to base 8
103
-99 (base 13) to base 12
-a6
What is 2 (base 9) in base 6?
2
Convert 1 (base 7) to base 12.
1
196 (base 13) to base 10
292
-1 (base 2) to base 7
-1
What is 6 (base 14) in base 16?
6
Convert 111 (base 2) to base 6.
11
Convert 191 (base 13) to base 6.
1155
What is 28 (base 14) in base 11?
33
Convert 13 (base 4) to base 13.
7
What is -2 (base 9) in base 5?
-2
What is -5 (base 7) in base 13?
-5
Convert -248 (base 10) to base 8.
-370
Convert -83 (base 10) to base 7.
-146
Convert -148 (base 11) to base 6.
-445
What is 2 (base 13) in base 10?
2
What is 2 (base 12) in base 10?
2
Convert 0 (base 10) to base 12.
0
What is -70 (base 8) in base 12?